{"id":1568,"date":"2025-10-19T18:28:36","date_gmt":"2025-10-19T18:28:36","guid":{"rendered":"https:\/\/pisciculturagalileia.com.br\/site\/?post_type=product&#038;p=1568"},"modified":"2025-10-26T00:33:30","modified_gmt":"2025-10-26T00:33:30","slug":"tilapias-alevinos-a-partir-de-3cm","status":"publish","type":"product","link":"https:\/\/pisciculturagalileia.com.br\/site\/product\/tilapias-alevinos-a-partir-de-3cm\/","title":{"rendered":"Til\u00e1pias Alevinos a partir de 3cm"},"content":{"rendered":"<p>Trabalhamos com alevinos de Til\u00e1pia com alto padr\u00e3o genetico.<\/p>\n<p>Crescimento r\u00e1pido, animais saud\u00e1veis.<\/p>\n<p>Ideal para cultivo em tanques, lagos e a\u00e7udes<\/p>\n<p>Vendidos em lotes de 100, 500 e 1000 animais<\/p>\n","protected":false},"excerpt":{"rendered":"<p>Trabalhamos com alevinos de Til\u00e1pia com alto padr\u00e3o genetico. Crescimento r\u00e1pido, animais saud\u00e1veis. Ideal para cultivo em tanques, lagos e a\u00e7udes Vendidos em lotes de 100, 500 e 1000 animais<\/p>\n","protected":false},"featured_media":1569,"comment_status":"open","ping_status":"closed","template":"elementor_theme","meta":[],"product_brand":[90],"product_cat":[84],"product_tag":[],"class_list":{"0":"post-1568","1":"product","2":"type-product","3":"status-publish","4":"has-post-thumbnail","6":"product_brand-piscicultura-galileia","7":"product_cat-tilapia","9":"first","10":"instock","11":"shipping-taxable","12":"purchasable","13":"product-type-variable"},"_links":{"self":[{"href":"https:\/\/pisciculturagalileia.com.br\/site\/wp-json\/wp\/v2\/product\/1568","targetHints":{"allow":["GET"]}}],"collection":[{"href":"https:\/\/pisciculturagalileia.com.br\/site\/wp-json\/wp\/v2\/product"}],"about":[{"href":"https:\/\/pisciculturagalileia.com.br\/site\/wp-json\/wp\/v2\/types\/product"}],"replies":[{"embeddable":true,"href":"https:\/\/pisciculturagalileia.com.br\/site\/wp-json\/wp\/v2\/comments?post=1568"}],"version-history":[{"count":4,"href":"https:\/\/pisciculturagalileia.com.br\/site\/wp-json\/wp\/v2\/product\/1568\/revisions"}],"predecessor-version":[{"id":1573,"href":"https:\/\/pisciculturagalileia.com.br\/site\/wp-json\/wp\/v2\/product\/1568\/revisions\/1573"}],"wp:featuredmedia":[{"embeddable":true,"href":"https:\/\/pisciculturagalileia.com.br\/site\/wp-json\/wp\/v2\/media\/1569"}],"wp:attachment":[{"href":"https:\/\/pisciculturagalileia.com.br\/site\/wp-json\/wp\/v2\/media?parent=1568"}],"wp:term":[{"taxonomy":"product_brand","embeddable":true,"href":"https:\/\/pisciculturagalileia.com.br\/site\/wp-json\/wp\/v2\/product_brand?post=1568"},{"taxonomy":"product_cat","embeddable":true,"href":"https:\/\/pisciculturagalileia.com.br\/site\/wp-json\/wp\/v2\/product_cat?post=1568"},{"taxonomy":"product_tag","embeddable":true,"href":"https:\/\/pisciculturagalileia.com.br\/site\/wp-json\/wp\/v2\/product_tag?post=1568"}],"curies":[{"name":"wp","href":"https:\/\/api.w.org\/{rel}","templated":true}]}}